 = -4*z + 108. What is the remainder when z is divided by t?
5
Let h = -10 + 23. Suppose n + h - 19 = 0. Let q(c) = -c**2 + 7*c - 1. What is the remainder when q(4) is divided by n?
5
Let g = 23 + 1. Let i = g - -15. Suppose -2*p = -42 + 2. Calculate the remainder when i is divided by p.
19
Let i be (3 - (-35)/1) + -4. Suppose -114 + i = -4*s. Suppose 23*w - s*w - 111 = 0. What is the remainder when w is divided by 13?
11
Calculate the remainder when 140 is divided by 11 + -4 - 232/(-8).
32
Let o(y) = 3*y. Let q be o(7). Let t(n) = -9*n + 2. Let d be t(2). Let m = q - d. What is the remainder when m is divided by 13?
11
Let k(w) = 5*w**2 + 223*w - 20. What is the remainder when 978 is divided by k(-45)?
68
Suppose 5*q + 240 = 5*v, -2*v + 92 = -2*q + q. Suppose 4*c + 0*f = -3*f + v, 16 = -4*f. Let n = 992 - 988. Calculate the remainder when c is divided by n.
2
Let w(r) = -16*r**2 - 7*r - 5. Let l(z) = -15*z**2 - 6*z - 4. Let f(i) = -3*l(i) + 2*w(i). What is the remainder when f(-2) is divided by 24?
22
Let b(i) = -2*i + 5 + 3 + 12. Let d be b(11). Calculate the remainder when 61 is divided by (11/2 + d)*6.
19
Suppose -6 = -7*g + 15. Suppose -2*n + g*m = -74, 3*n = 4*m + m + 110. Calculate the remainder when n is divided by 14.
12
Let v = -1 - -6. Let c = 6 + -2. Suppose 0 = j + n + c*n - 67, 365 = v*j - 5*n. Calculate the remainder when j is divided by 25.
22
Let k be 1/2 + -2 - 314/(-4). Suppose -4*b + 74 = -3*i, -5*b - 2*i + k = 2*i. Suppose -8 - 2 = -2*n. Calculate the remainder when b is divided by n.
2
Let z = -2 - -13. Suppose -r + 5*m = 2*m + z, 0 = 4*r - 4*m + 4. Suppose -r*w - 5*o = -4*o - 46, 4*w = -5*o + 38. What is the remainder when 57 is divided by w?
9
Suppose 3*g = v - 41, 0 = 9*v - 6*v - g - 123. Calculate the remainder when 78 is divided by v.
37
Let l(f) = -21*f + 11. Calculate the remainder when l(-4) is divided by 28.
11
Let l(h) = h**2 - h - 2. Let b be (-28)/(-5) - (-10)/25. Let x be l(b). What is the remainder when (-1)/((-1)/x*2) is divided by 6?
2
Let k be 4/(4 + 6/(-2)). Suppose -10 = -4*t + 2*i, 5*t - 50 = -k*i - 5. What is the remainder when 148/18 + 4/(-18) is divided by t?
3
Let i = 2 - -36. Suppose 0*c + i = 2*c. Calculate the remainder when 56 is divided by c.
18
Suppose f + 5*v - 39 = 0, -v = -4*f + 145 - 10. What is the remainder when 61 is divided by f?
27
Suppose -19*t + 3626 = -12*t. What is the remainder when t is divided by 26?
24
Let b be 12/(-8)*(-8)/6. Suppose -q + 1 = -1, -b*w - 4*q = -46. Calculate the remainder when w is divided by 3/(4*(-12)/(-80)).
4
Let q(w) = 10*w + 7. Suppose -3*f + 11 + 19 = 3*k, -f + 4*k = -35. Calculate the remainder when q(5) is divided by f.
12
Suppose 0 = 2*k + x - 138 - 7, k = 2*x + 80. Calculate the remainder when k is divided by 19.
17
Let i = 653 + -556. Let b = 69 - 36. Calculate the remainder when i is divided by b.
31
Calculate the remainder when ((-6)/2 - (11 + -20)) + 513 is divided by 26.
25
Let l be -20 - 2*(-3)/2. Let d = 25 + l. Let b(o) = o**3 + 5*o**2 - 2*o - 3. Calculate the remainder when b(-4) is divided by d.
5
Let q = -16 - -25. What is the remainder when 17 is divided by q?
8
Let w(n) = -n**3 - n**2 + 2. Let u be w(-2). Let l = u + -2. Suppose 3*t - 3*x = -0*x + 69, -l*t - 3*x + 113 = 0. What is the remainder when 50 is divided by t?
24
Let w(u) = u**2 - 2. Let b(t) = -t**3 + 3*t**2 + 41*t. Calculate the remainder when w(-5) is divided by b(8).
7
Let z(n) = -n**2 - 9*n + 10. Let j be z(-9). Let l be j/50 + 34/5. Suppose 5*r + 34 = l*r. Calculate the remainder when 33 is divided by r.
16
Suppose -3*s = -g - 2*g + 42, 4*g - 5*s = 57. Suppose 4*q - 44 = -0*q. Suppose -2*n + q = -g. Calculate the remainder when 20 is divided by n.
8
Let f = -1087 - -1130. Calculate the remainder when 214 is divided by f.
42
Let g = 1154 - 1058. What is the remainder when g is divided by 34?
28
Let g(n) = -5*n + 1. Let d(z) = -z - 1. Let x be d(0). Let r(j) = -5*j - 9. What is the remainder when r(-6) is divided by g(x)?
3
Let n = -2 + 7. Suppose c - 3 - 29 = -4*w, n*c = w + 118. Calculate the remainder when ((-124)/(-3))/(16/c) is divided by 16.
14
Let w be (6 + -4 - 21)/1. Let k = 28 + w. What is the remainder when 24 is divided by k?
6
Suppose -2*o + 49 + 49 = 2*f, -3*o = 4*f - 196. Calculate the remainder when 242 is divided by f.
46
Let p(k) = 13*k**2 + 2*k - 23. Calculate the remainder when p(-4) is divided by 26.
21
Let c(i) = -4*i - 2. Let b be c(-4). Let r = -8 + b. What is the remainder when (21 + 3)*(-2)/(-3) is divided by r?
4
Suppose 59*w - 57*w = 66. What is the remainder when 33 is divided by w?
0
Suppose 0*c + c = 29. Suppose 2*z - 141 = -z. Suppose 65 + z = 2*b. What is the remainder when b is divided by c?
27
Let i(g) = -g**3 - 6*g**2 - 5*g + 4. Let q be i(-5). Suppose q*x - 61 = 3. Calculate the remainder when 78 is divided by x.
14
Suppose -2*s - 42 = -s. What is the remainder when ((-10)/(-15))/((-4)/s) is divided by 3?
1
Let g(p) = -7*p + 4. Calculate the remainder when g(-4) is divided by (-88)/(-8) + (3 - 3) + 0.
10
Suppose -4*l + 17 + 114 = r, -3*r - 5*l + 428 = 0. What is the remainder when r is divided by 38?
37
Let j(q) = 14*q + 57. What is the remainder when j(-3) is divided by 14?
1
Calculate the remainder when 2002/14 + 13 + -1 is divided by 78.
77
Suppose -4*f - 58 = -270. Let h = 11 - -11. Suppose 4*k - h = 2*k. Calculate the remainder when f is divided by k.
9
Let c(o) = 3*o - 25. Let t(i) = -2*i + 17. Let l(m) = 5*c(m) + 8*t(m). Let q be l(-5). Let f = -13 + q. Calculate the remainder when 11 is divided by f.
2
Calculate the remainder when 313 is divided by -5 - ((-75)/20)/((-21)/(-224)).
33
Suppose 2*l - 10*l - 904 = 0. Let c = l + 146. What is the remainder when c is divided by 19?
14
Suppose -6*x = -i - 4*x + 79, -2*x = i - 83. What is the remainder when 53 is divided by (-56)/98 - i/(-7)?
9
Let m(b) = -4*b - 69 + 44 - 19. What is the remainder when m(-17) is divided by 9?
6
Let o = 744 + -725. What is the remainder when o is divided by 15?
4
Let f = 6 - -21. Suppose 68*t = 65*t + f. Calculate the remainder when 25 is divided by t.
7
Let z = -100 - -122. Let p(t) = 2*t**2 + 5*t - 11. Calculate the remainder when z is divided by p(-5).
8
Let s be (-1)/(-7) + (-249)/(-21). Suppose 0 = -4*q - 0*q + s, 4*q - 60 = -4*r. Calculate the remainder when 33 is divided by r.
9
Calculate the remainder when 2726*(-9 + (-57)/(-6)) is divided by 31.
30
Suppose x - 4 = -x, 0 = 3*t + x + 127. Let z = t - -61. What is the remainder when 34 is divided by z?
16
Let s(u) = 270*u + 281. What is the remainder when s(6) is divided by 16?
13
Let k = 15 - 9. Calculate the remainder when ((-69)/6 - 0)/(3/(-6)) is divided by k.
5
Suppose 4*m = 80 - 16. Suppose 21*s - 55 = m*s. What is the remainder when ((-3)/1)/(6/(-56)) is divided by s?
6
Suppose 8 = u + l, -u - 3*l = l - 23. What is the remainder when 3 is divided by u?
0
Suppose b = 2 + 1. Suppose 3*i - 2*i = -5*m + 5, 2*i = 5*m - 20. Suppose -21 = -4*t + 3*h, -t - m*t - 4*h = b. Calculate the remainder when 8 is divided by t.
2
Let t = 173 + -131. Calculate the remainder when t is divided by 12.
6
Suppose 5*z = 47 + 178. Let f = -37 + z. Let t(l) = 3*l + 3. Calculate the remainder when t(6) is divided by f.
5
Let a = 64 - 58. Suppose -a*o = -8*o + 270. What is the remainder when o is divided by 34?
33
Suppose 0*l + 21 = l. Suppose 5*s - l = 114. Suppose k = -1 + s. What is the remainder when 75 is divided by k?
23
Let j = 490 - 460. Calculate the remainder when 68 is divided by j.
8
Let g(i) = -i**2 - 9*i - 3. Let d be g(-4). Suppose 0*r - d = -5*r - 4*z, -5 = -3*r - 5*z. Calculate the remainder when (-480)/(-56) + (-8)/14 is divided by r.
3
Let j(n) = n**3 + 5*n**2 - 7*n - 1. Let u(a) = a**3 - 17*a**2 + 27*a + 58. Calculate the remainder when u(15) is divided by j(-6).
3
Suppose -3*x + 33 + 6 = 0. Let i(u) = -14*u - 8. Let l be i(-8). Suppose 10 = -s - 4*s, 5*s - l = -3*w. What is the remainder when w is divided by x?
12
Suppose -z = -2*m - 32 - 42, -z - 2*m = -58. Calculate the remainder when 324 is divided by z.
60
Suppose -7*j + 14 = -6*j. Suppose 5*p = 3*t - t - j, -5*t + 81 = -p. Calculate the remainder when 84 is divided by t.
16
Let t be 2616/132 - 2/(-11). Suppose -t = 4*j + 4*z, 0*j + 23 = -5*